s b(-5) prime?
False
Let m(j) = 44*j + 34*j + 4 - 10*j - 17*j. Let b be m(10). Suppose 7*f = 5*f + b. Is f composite?
False
Let u(n) = n**2 - 24*n + 15. Let l(g) = 2*g**2 - 48*g + 31. Let w(c) = 2*l(c) - 5*u(c). Let p be w(10). Suppose 4*m - p = 3*m. Is m a prime number?
True
Suppose 5*x - 2*d = d - 135, -2*x - 2*d - 54 = 0. Is 198/x*354/(-4) prime?
False
Suppose 0 = 16*x - 11*x - s - 91690, 0 = 4*x + 4*s - 73328. Is x a composite number?
True
Suppose 0 = 5085*h - 5093*h + 273848. Is h composite?
False
Suppose -4*z = -5*u + 613, z + 12 = -4*u + 494. Suppose 0*w + w - u = -4*a, 0 = -w - 3*a + 125. Suppose t = w + 12. Is t a prime number?
True
Is 66/165 + 175419/15 a prime number?
False
Let j(i) = -6*i**2 + 2*i + 4. Let b(l) = l**3 + 5*l**2 + 3*l - 4. Let a be b(-3). Let t be j(a). Let h = 233 + t. Is h composite?
False
Suppose 0*w + 17*w = 57613. Is w prime?
True
Suppose 5*a + 5*x - 4869 = 31561, -x - 14563 = -2*a. Is a composite?
False
Is (-18 + -65)/(1/(-59)) composite?
True
Let w(p) = 9*p**2 + 9*p + 5. Let u(z) = -z**3 + 9*z**2 + 12*z - 13. Let c = 16 + -6. Let q be u(c). Is w(q) a composite number?
False
Suppose 0 = 6*m - 12. Suppose 0 = i + 2, 2*i + 68 = 4*v - m*i. Is v a composite number?
True
Let z be ((-36)/(-15))/(-2)*5. Let d(w) be the second derivative of -5*w**3/6 + 3*w**2/2 - 2*w. Is d(z) a composite number?
True
Suppose 5*i + 6481 = 3*q, 3*q + 2*q + 2*i - 10781 = 0. Is q prime?
False
Suppose 3*k = 2*k + 2*r + 1765, -2*k = 5*r - 3503. Is k a composite number?
False
Suppose -3*z - 7*z - 199450 = 0. Is z/(-20) + (-2)/8 a prime number?
True
Let m(a) = -4*a**3 + 8*a**2 + 10*a + 12. Suppose 2*i + 0 = -10. Is m(i) a composite number?
True
Let b(x) = x**3 - x**2 - x + 2. Let g be b(0). Suppose -g*n + n + 5*c + 146 = 0, -4*n + 524 = -5*c. Suppose -5*o = 3*z - n, -5*z + 34 = -4*z - o. Is z prime?
True
Suppose 3*t - 2*x - 3363 = 0, -4*t - 6*x + 4495 = -5*x. Is t a prime number?
True
Let r(h) = 2*h**2 - 27*h - 11. Let q be r(14). Suppose -487 - 1004 = -q*w. Is w a prime number?
False
Let j = -1338 - -2527. Is 6/9*1 - j/(-3) prime?
True
Let t = 7 - 11. Let z be 7 - (t/(-1) + -1). Suppose -z*g + 246 = -2*g. Is g a composite number?
True
Suppose 49*f = 68*f - 60857. Is f a prime number?
True
Let y(m) = -78702*m - 59. Is y(-3) composite?
True
Let d(b) = 2*b**2 - 1 - b**3 + 0*b**3 - 1 + 3*b**2 - 4*b. Let v be d(4). Is (-223)/((-35)/15 - v) a prime number?
False
Let p be 2 + (-7 + 8)/(1/1). Suppose 593 = -2*k + 4*k + b, -879 = -p*k + 2*b. Is k composite?
True
Suppose 66*f = 67*f - 14779. Is f a prime number?
True
Let h be 0/(-1)*(-7 + 8). Suppose -5*s = -h*s - 25. Suppose 0 = 2*w + c - 723, 5*w - 2*w - 1081 = -s*c. Is w a composite number?
True
Let z be (966/4)/((-1)/(-22)). Suppose -2*w = -3*m - 76 - 2040, z = 5*w + 4*m. Is w a composite number?
False
Suppose -3315 = -6*o + o. Let h(k) = -31*k - 15. Let y be h(11). Let d = y + o. Is d prime?
True
Suppose -2*q - 5*q + 10493 = 0. Is q prime?
True
Is 6/(-39) - (-644214)/78 a prime number?
False
Let t(c) = 156*c**2 - 72*c - 5. Is t(-4) a composite number?
True
Let g(r) = 1517*r**2 + r - 1. Is g(-3) composite?
False
Suppose -2307*c + 2310*c - 15387 = 0. Is c a prime number?
False
Let h(i) be the second derivative of -5*i**3/2 - i**2/2 - 7*i. Let w be h(-6). Is 3/(-6)*w*-2 prime?
True
Suppose 2 = l - 7. Is ((-6)/l)/(14/(-6363)) a composite number?
True
Suppose -3*o = -4*m - 410 - 1808, -5*m = o - 733. Let i = o - 221. Is i a prime number?
False
Let v be ((-19)/((-38)/12))/(2 - 1). Suppose -v = 3*l, -y - 5*l - 350 = -5*y. Is y a prime number?
False
Suppose 2*v + 1114 + 817 = w, 4*v = -w + 1931. Is w prime?
True
Let o(f) = 181*f - 80. Is o(23) composite?
True
Suppose 12 = -4*m + 4. Let g be (m + 187)/(2/4). Suppose -5*f = -0*f - g. Is f composite?
True
Let a(z) = -9*z**2 + 10*z - 1. Let m be a(-10). Is m/26*(2 + -4) a prime number?
False
Let z(l) = -40*l - 5. Let r be z(10). Let u be r/(-12) - 3/(-12). Suppose -2*a = -208 + u. Is a prime?
False
Let q be -3 + 5978 + (-2)/(-2). Let j = -2983 + q. Is j composite?
True
Suppose -2*s - 2 - 6 = 0. Let q(o) = 2 - 4*o - o - 6*o + 7. Is q(s) a composite number?
False
Is 33678/4 - (5 - 45/10) composite?
False
Let u = 3136 - 717. Is u a prime number?
False
Suppose -5*a = 5*u - 4*u - 82679, -3*u = 2*a - 248089. Is u a prime number?
True
Let k(p) = 59*p**2 + 17 + 29*p**2 + 11*p**2 - 8*p - 28*p**2. Is k(4) prime?
False
Suppose 9870 = 5*a + o, 3*o + 9850 = 4*a + a. Is a composite?
False
Let p(s) = -207*s + 10. Let j(m) = -207*m + 9. Let l(k) = -6*j(k) + 5*p(k). Is l(1) prime?
False
Let n(h) = -4760*h - 9. Is n(-2) prime?
True
Suppose 3*v + 46532 = 2*g, -15*v + 23279 = g - 10*v. Is g composite?
False
Let b be 1*49/(-1)*(26 - 27). Suppose 0 = 2*m - 8, 5*m = 5*y - 356 - b. Is y composite?
True
Let d(t) = -5*t + 4. Let j be d(2). Let g be -6*3/j - 0. Suppose a - 67 = -2*a - 5*l, g*l + 51 = 3*a. Is a a prime number?
True
Suppose 0 = 5*q - 5*b + 3*b + 52, 2*b + 38 = -4*q. Let y = q - -155. Is y a composite number?
True
Let u = 63 + -60. Let n(x) = 29*x**3 - 2*x**2 + 6*x + 4. Is n(u) a composite number?
False
Let c(t) = 102406*t**3 - 3*t**2 - 6*t + 9. Is c(1) a prime number?
False
Suppose -4*t = h - 1441 - 2163, -4*t + 4*h = -3604. Is t a composite number?
True
Is -2*4/(-6) - 32648/(-12) a prime number?
False
Let c(q) = -q - 5. Let r be c(-8). Suppose -r*n - n = 0. Suppose n = -g + 60 + 71. Is g a prime number?
True
Let g(s) = -s**2 + 1276. Let c be g(0). Suppose -n = -2*i + 2964, -i + 5*n + c = -215. Is i a composite number?
False
Let f = 13710 - 9403. Is f composite?
True
Suppose 5*w = -3*y + 7 + 32, -5*w = 5*y - 55. Suppose -y*q = -q - 21. Is (q - 2)/((-2)/(-230)) a composite number?
True
Let d(u) = -u**3 + 3*u**2 + 3*u - 6. Let b be d(3). Suppose b*h - 14983 = -5*w + 6*h, -4*h = -2*w + 5996. Suppose -2*p = 2*p - w. Is p prime?
False
Is 284/(-3)*(-102363)/916 prime?
False
Let b = -2975 - -4437. Suppose 3*d - 2321 = b. Is d prime?
False
Suppose 3*k - 3*h = -h - 54, 5*k + 74 = -2*h. Is 28/6*(-264)/k composite?
True
Suppose 77 = -5*q - 58. Let x = -189 + 113. Let o = q - x. Is o a prime number?
False
Let z(h) = -h - 1. Let a be z(-3). Suppose a*y - 7 = 1. Suppose 18 = -m + 4*o + 95, -248 = -y*m + 4*o. Is m composite?
True
Suppose 18089 = -5*d - 2*w, 3*d - 7*w + 2*w + 10872 = 0. Let h = 2281 + d. Is 2*(h/(-4))/3 composite?
False
Let o = -5 + 8. Suppose 3*y - 19 = -2*w, o*y + 0*w = -w + 17. Suppose 489 = 8*p - y*p. Is p prime?
True
Suppose -3*u + 4 = -2*s + 6, -4*u = 4*s - 24. Suppose -f + s*f - 3 = 0. Is 4*f/8*154 prime?
False
Let r = -6180 - -9317. Is r composite?
False
Let o = 30301 + -20430. Is o composite?
False
Let u = -3673 - -6620. Is u a prime number?
False
Suppose -2*x - x + 573 = 0. Let y be (80/6 - 0)/(82/(-369)). Let z = x - y. Is z a composite number?
False
Let t be (-3)/(-2)*(-2500)/(-30). Let k = 234 - t. Let w = k + 12. Is w a prime number?
False
Is (2 + (-20)/(-12) + -4)*-573 a prime number?
True
Let s(v) = 143*v - 4 + 6 + 0. Suppose -3*t - 4 = -j, -4*t + 2 = 2*j + 4. Is s(j) a composite number?
True
Is ((-1)/2)/(-1) - 700769/(-166) a prime number?
False
Let n be (-15)/(((-12)/(-3))/(-24)). Let m be (n/3)/(10/195). Suppose -2*b - 7*k + 228 = -2*k, -5*b + m = 5*k. Is b prime?
False
Let t = -47 - -49. Is ((-1676)/(-14) - -1) + t/7 a composite number?
True
Is (7 - 2) + (-2 + 242)*14 prime?
False
Let t = 2398 - -13561. Is t a composite number?
False
Let b = 1465 + -830. Is b prime?
False
Let i be (-28)/(-12) - -3 - 4/(-6). Is 10/(-15)*9/i - -1382 prime?
True
Let k = -3 + 1. Let a be ((-3)/6)/(k/(-24)). Let r(g) = -g**3 - 3*g**2 + 5. Is r(a) a prime number?
True
Let i(u) = 548*u + 19. Is i(5) a composite number?
True
Suppose 4*s - 270 = -3*v + 1741, -2*v + 1333 = -5*s. Suppose b = -5*z + v, -b - b - 5*z = -1338. Is b a prime number?
False
Let x = 1 + -2. Let g be 1/(2*x/(-4)). Is 12/16*(214 - g) composite?
True
Let q = -9 - -23. Let k be 7/q*(0 - -10). Suppose 5*u - 260 = k*y, u = -u + y + 101. Is u prime?
False
Suppose 4*x = 3*t - 34, t = -x + 4*x + 13. Suppose t = 4*r - 2, r = 5*p - 3692. Is p a composite number?
False
Suppose -3*m - i + 8 = -4, -i = -3. Suppose -3*o = -m - 6. Is (-155 - o)/(4/(-2)) a prime number?
True
Suppose 195 = 3*z + p, z - 3*p - 58 = -p